{"id":340,"date":"2021-05-13T13:24:43","date_gmt":"2021-05-13T11:24:43","guid":{"rendered":"http:\/\/31.217.193.162\/~taivofi\/?page_id=340"},"modified":"2026-05-11T13:44:12","modified_gmt":"2026-05-11T11:44:12","slug":"journalismi","status":"publish","type":"page","link":"http:\/\/31.217.193.162\/~taivofi\/fi\/journalismi\/","title":{"rendered":"Journalismi"},"content":{"rendered":"\n<figure class=\"wp-block-image size-large\"><img loading=\"lazy\" decoding=\"async\" width=\"1024\" height=\"682\" src=\"http:\/\/31.217.193.162\/~taivofi\/wp-content\/uploads\/2026\/05\/ta-lehdet1-1-1024x682.png\" alt=\"\" class=\"wp-image-1369\" srcset=\"http:\/\/31.217.193.162\/~taivofi\/wp-content\/uploads\/2026\/05\/ta-lehdet1-1-1024x682.png 1024w, http:\/\/31.217.193.162\/~taivofi\/wp-content\/uploads\/2026\/05\/ta-lehdet1-1-300x200.png 300w, http:\/\/31.217.193.162\/~taivofi\/wp-content\/uploads\/2026\/05\/ta-lehdet1-1-768x512.png 768w, http:\/\/31.217.193.162\/~taivofi\/wp-content\/uploads\/2026\/05\/ta-lehdet1-1-1536x1024.png 1536w, http:\/\/31.217.193.162\/~taivofi\/wp-content\/uploads\/2026\/05\/ta-lehdet1-1.png 2000w\" sizes=\"auto, (max-width: 1024px) 100vw, 1024px\" \/><\/figure>\n\n\n\n<p>Yrityksemme on erikoistunut avaruusaiheisiin populaaritiedeartikkeleihin, joista meill\u00e4 on yli 15 vuoden kokemus.<\/p>\n\n\n\n<p>Ty\u00f6st\u00e4mme my\u00f6s erilaisia multimediatuotantoja yhdist\u00e4m\u00e4ll\u00e4 kuvia, videoita sek\u00e4 tietokonegrafiikkaa.<\/p>\n\n\n\n<p>Mikon artikkeleita l\u00f6yd\u00e4t esimerkiksi T\u00e4hdet ja avaruus -lehden <a href=\"https:\/\/www.avaruus.fi\/tahdetjaavaruuslehti\/uusin-numero.html\" target=\"_blank\" rel=\"noreferrer noopener\">paperiversiosta<\/a> ja <a href=\"https:\/\/www.avaruus.fi\/uutiset.html\" target=\"_blank\" rel=\"noreferrer noopener\">uutissivustolta<\/a>. Toinen pitk\u00e4aikainen asiakkaamme on <a href=\"https:\/\/www.tiedetoimittajat.fi\/tiedetoimittajalehti\/tiedetoimittajat-arkisto\/\" target=\"_blank\" rel=\"noreferrer noopener\">Tiedetoimittaja-verkkolehti<\/a>.<\/p>\n","protected":false},"excerpt":{"rendered":"<p>Yrityksemme on erikoistunut avaruusaiheisiin populaaritiedeartikkeleihin, joista meill\u00e4 on yli 15 vuoden kokemus. Ty\u00f6st\u00e4mme my\u00f6s erilaisia multimediatuotantoja yhdist\u00e4m\u00e4ll\u00e4 kuvia, videoita sek\u00e4 tietokonegrafiikkaa. Mikon artikkeleita l\u00f6yd\u00e4t esimerkiksi T\u00e4hdet ja avaruus -lehden paperiversiosta ja uutissivustolta. Toinen pitk\u00e4aikainen asiakkaamme on Tiedetoimittaja-verkkolehti.<\/p>\n","protected":false},"author":1,"featured_media":0,"parent":0,"menu_order":0,"comment_status":"closed","ping_status":"closed","template":"","meta":{"footnotes":""},"class_list":["post-340","page","type-page","status-publish","czr-hentry"],"_links":{"self":[{"href":"http:\/\/31.217.193.162\/~taivofi\/wp-json\/wp\/v2\/pages\/340","targetHints":{"allow":["GET"]}}],"collection":[{"href":"http:\/\/31.217.193.162\/~taivofi\/wp-json\/wp\/v2\/pages"}],"about":[{"href":"http:\/\/31.217.193.162\/~taivofi\/wp-json\/wp\/v2\/types\/page"}],"author":[{"embeddable":true,"href":"http:\/\/31.217.193.162\/~taivofi\/wp-json\/wp\/v2\/users\/1"}],"replies":[{"embeddable":true,"href":"http:\/\/31.217.193.162\/~taivofi\/wp-json\/wp\/v2\/comments?post=340"}],"version-history":[{"count":5,"href":"http:\/\/31.217.193.162\/~taivofi\/wp-json\/wp\/v2\/pages\/340\/revisions"}],"predecessor-version":[{"id":1409,"href":"http:\/\/31.217.193.162\/~taivofi\/wp-json\/wp\/v2\/pages\/340\/revisions\/1409"}],"wp:attachment":[{"href":"http:\/\/31.217.193.162\/~taivofi\/wp-json\/wp\/v2\/media?parent=340"}],"curies":[{"name":"wp","href":"https:\/\/api.w.org\/{rel}","templated":true}]}}