{"id":944,"date":"2024-05-26T06:10:44","date_gmt":"2024-05-26T04:10:44","guid":{"rendered":"http:\/\/31.217.193.162\/~taivofi\/?page_id=944"},"modified":"2026-04-08T05:55:31","modified_gmt":"2026-04-08T03:55:31","slug":"koulut","status":"publish","type":"page","link":"http:\/\/31.217.193.162\/~taivofi\/fi\/koulut\/","title":{"rendered":"Koulukiertue 2024-2025"},"content":{"rendered":"\n<p>Suomen Kulttuurirahaston Lapin rahasto my\u00f6nsi meille k\u00e4rkihankkeena ty\u00f6skentelyapurahan <a href=\"https:\/\/skr.fi\/ajankohtaista\/planetaariokiertue-ja-taidetta-suomen-pohjoisimmasta-kylasta-lapin-kulttuurirahasto\">kev\u00e4\u00e4ll\u00e4 2024<\/a> Salli ja Kaarlo Merikosken rahastosta. Sen ansiosta kiersimme j\u00e4rjest\u00e4m\u00e4ss\u00e4 avaruustiedon teemap\u00e4ivi\u00e4 Lapin maakunnan alueen kouluissa 1.9.-15.11.2024 ja 1.3.-15.5.2025.<\/p>\n\n\n<div class=\"wp-block-image\">\n<figure class=\"aligncenter size-full is-resized\"><img decoding=\"async\" src=\"http:\/\/31.217.193.162\/~taivofi\/wp-content\/uploads\/2024\/05\/logo-la-beige-png.png\" alt=\"\" class=\"wp-image-945\" style=\"width:338px;height:auto\"\/><\/figure>\n<\/div>\n\n\n<p><\/p>\n\n\n\n<p>Apurahan ansiosta vierailut olivat kouluille ilmaisia. Opetuksen aikana ryhm\u00e4n oma opettaja oli aina oppilasryhm\u00e4n mukana. Ryhm\u00e4kohtaisesti pidimme 45 minuutin &#8211; 90 minuutin ohjelman, jossa tutustuttiin planetaariossa y\u00f6lliseen t\u00e4htitaivaaseen, k\u00e4ytiin tietokoneohjelman avulla maailmankaikkeusmatkalla, esiteltiin Kitsat-opetussatelliitteja sek\u00e4 kerrottiin ty\u00f6paikoista avaruusalalla.<\/p>\n\n\n\n<p>Tarjosimme kouluille my\u00f6s mahdollisuuden keskusteluluentoihin isommille ryhmille kerrallaan aiheinaan:<\/p>\n\n\n\n<ul class=\"wp-block-list\">\n<li>Eksoplaneetat ja el\u00e4m\u00e4 avaruudessa<\/li>\n<\/ul>\n\n\n\n<ul class=\"wp-block-list\">\n<li>Miehitetyt lennot ja Artemis-kuuohjelma<\/li>\n<\/ul>\n\n\n\n<p><\/p>\n\n\n\n<p>Isoissa kouluissa pidimme yleens\u00e4 6 oppituntia p\u00e4ivitt\u00e4in. Planetaarion rakentaminen ja purkaminen vaati sekin aikansa.<\/p>\n\n\n\n<p><\/p>\n\n\n\n<div class=\"wp-block-group\"><div class=\"wp-block-group__inner-container is-layout-constrained wp-block-group-is-layout-constrained\">\n<div class=\"wp-block-columns is-layout-flex wp-container-core-columns-is-layout-9d6595d7 wp-block-columns-is-layout-flex\">\n<div class=\"wp-block-column is-layout-flow wp-block-column-is-layout-flow\" style=\"flex-basis:100%\">\n<figure class=\"wp-block-gallery aligncenter has-nested-images columns-default is-cropped wp-block-gallery-1 is-layout-flex wp-block-gallery-is-layout-flex\">\n<figure class=\"wp-block-image size-large is-style-default\"><img decoding=\"async\" data-id=\"862\" src=\"http:\/\/31.217.193.162\/~taivofi\/wp-content\/uploads\/2024\/02\/planet_bokun-1024x716.jpg\" alt=\"\" class=\"wp-image-862\"\/><\/figure>\n\n\n\n<figure class=\"wp-block-image size-large\"><img decoding=\"async\" data-id=\"976\" src=\"http:\/\/31.217.193.162\/~taivofi\/wp-content\/uploads\/2024\/05\/ms_9a-1024x738.jpg\" alt=\"\" class=\"wp-image-976\"\/><\/figure>\n<\/figure>\n<\/div>\n<\/div>\n<\/div><\/div>\n\n\n<div class=\"wp-block-image\">\n<figure class=\"aligncenter size-large is-resized\"><img decoding=\"async\" src=\"http:\/\/31.217.193.162\/~taivofi\/wp-content\/uploads\/2024\/05\/virtualtour-1024x549.jpg\" alt=\"\" class=\"wp-image-974\" style=\"width:711px;height:auto\"\/><\/figure>\n<\/div>\n\n\n<p>Muutamille kouluille j\u00e4rjestimme luokkahuoneopetuksen lis\u00e4ksi my\u00f6s havaintoiltoja ulkosalla. T\u00e4ss\u00e4 ovat vierailemamme koulut ja tapahtumapaikat kartalla:<\/p>\n\n\n<div class=\"wp-block-image\">\n<figure class=\"aligncenter size-large is-resized\"><img decoding=\"async\" src=\"http:\/\/31.217.193.162\/~taivofi\/wp-content\/uploads\/2025\/09\/koulukiertue-1024x1015.jpg\" alt=\"\" class=\"wp-image-1052\" style=\"width:650px;height:auto\"\/><\/figure>\n<\/div>\n\n\n<p>Yhteens\u00e4 teimme 60 opetusp\u00e4iv\u00e4\u00e4, joinakin niist\u00e4 my\u00f6s iltatilaisuuden. Vierailimme 33 koulussa ja muutamassa muussa paikassa, kuten Arktikumissa Koululaisten tiedeviikolla syyskuussa 2024. Esityksemme n\u00e4ki yli 3000 oppilasta ja ajomatkaa kertyi hieman yli 11 000 kilometri\u00e4.<\/p>\n\n\n\n<p>T\u00e4ss\u00e4 listaus kouluvierailuistamme ja muista tapahtumista, joissa k\u00e4vimme koulukierroksellamme. Aloitimme syyskuussa Rovaniemelt\u00e4, jossa Lapin yliopiston j\u00e4rjest\u00e4m\u00e4\u00e4n koululaisten tiedeviikkoon liittyen kiersimme monessa koulussa, joissakin suurimmista pidemp\u00e4\u00e4nkin.<\/p>\n\n\n\n<figure class=\"wp-block-image size-large\"><img decoding=\"async\" src=\"http:\/\/31.217.193.162\/~taivofi\/wp-content\/uploads\/2025\/11\/koulukiertue-494x1024.png\" alt=\"\" class=\"wp-image-1154\"\/><\/figure>\n\n\n\n<p>Lis\u00e4\u00e4 tietoa planetaarion vaatimuksista l\u00f6yd\u00e4t <a href=\"http:\/\/31.217.193.162\/~taivofi\/fi\/uncategorized-fi\/tilavaatimukset\/\">t\u00e4st\u00e4<\/a>.<\/p>\n\n\n\n<p>Koulukiertueen esitteemme l\u00f6yd\u00e4t <a href=\"http:\/\/31.217.193.162\/~taivofi\/wp-content\/uploads\/2024\/06\/Avaruuskiertue_Lappiin.pdf\">t\u00e4st\u00e4<\/a>.<\/p>\n\n\n\n<p>Osana apurahaprojektia ty\u00f6stetty Opetusmateriaalin vihkonen suomeksi ja pohjoissaameksi <a href=\"http:\/\/31.217.193.162\/~taivofi\/avaruustieto\/\" data-type=\"page\" data-id=\"1239\">l\u00f6ytyy t\u00e4st\u00e4<\/a>.<\/p>\n\n\n\n<p>Mikko ja Xiaoyun Suominen<\/p>\n\n\n\n<p><\/p>\n\n\n\n<p><\/p>\n","protected":false},"excerpt":{"rendered":"<p>Suomen Kulttuurirahaston Lapin rahasto my\u00f6nsi meille k\u00e4rkihankkeena ty\u00f6skentelyapurahan kev\u00e4\u00e4ll\u00e4 2024 Salli ja Kaarlo Merikosken rahastosta. Sen ansiosta kiersimme j\u00e4rjest\u00e4m\u00e4ss\u00e4 avaruustiedon teemap\u00e4ivi\u00e4 Lapin maakunnan alueen kouluissa 1.9.-15.11.2024 ja 1.3.-15.5.2025. Apurahan ansiosta vierailut olivat kouluille ilmaisia. Opetuksen aikana ryhm\u00e4n oma opettaja oli aina oppilasryhm\u00e4n mukana. Ryhm\u00e4kohtaisesti pidimme 45 minuutin &#8211; 90 minuutin ohjelman, jossa tutustuttiin planetaariossa y\u00f6lliseen [&hellip;]<\/p>\n","protected":false},"author":1,"featured_media":0,"parent":0,"menu_order":0,"comment_status":"closed","ping_status":"closed","template":"","meta":{"footnotes":""},"class_list":["post-944","page","type-page","status-publish","czr-hentry"],"_links":{"self":[{"href":"http:\/\/31.217.193.162\/~taivofi\/wp-json\/wp\/v2\/pages\/944","targetHints":{"allow":["GET"]}}],"collection":[{"href":"http:\/\/31.217.193.162\/~taivofi\/wp-json\/wp\/v2\/pages"}],"about":[{"href":"http:\/\/31.217.193.162\/~taivofi\/wp-json\/wp\/v2\/types\/page"}],"author":[{"embeddable":true,"href":"http:\/\/31.217.193.162\/~taivofi\/wp-json\/wp\/v2\/users\/1"}],"replies":[{"embeddable":true,"href":"http:\/\/31.217.193.162\/~taivofi\/wp-json\/wp\/v2\/comments?post=944"}],"version-history":[{"count":22,"href":"http:\/\/31.217.193.162\/~taivofi\/wp-json\/wp\/v2\/pages\/944\/revisions"}],"predecessor-version":[{"id":1245,"href":"http:\/\/31.217.193.162\/~taivofi\/wp-json\/wp\/v2\/pages\/944\/revisions\/1245"}],"wp:attachment":[{"href":"http:\/\/31.217.193.162\/~taivofi\/wp-json\/wp\/v2\/media?parent=944"}],"curies":[{"name":"wp","href":"https:\/\/api.w.org\/{rel}","templated":true}]}}